{"id":970,"date":"2022-09-22T15:02:41","date_gmt":"2022-09-22T13:02:41","guid":{"rendered":"https:\/\/link-art-tattoo.com\/?page_id=970"},"modified":"2023-07-07T14:36:56","modified_gmt":"2023-07-07T12:36:56","slug":"guests","status":"publish","type":"page","link":"https:\/\/link-art-tattoo.com\/index.php\/guests\/","title":{"rendered":"Guests"},"content":{"rendered":"\t\t<div data-elementor-type=\"wp-page\" data-elementor-id=\"970\" class=\"elementor elementor-970\" data-elementor-settings=\"[]\">\n\t\t\t\t\t\t\t<div class=\"elementor-section-wrap\">\n\t\t\t\t\t\t\t<section class=\"elementor-section elementor-top-section elementor-element elementor-element-ddbbaf0 elementor-section-boxed elementor-section-height-default elementor-section-height-default\" data-id=\"ddbbaf0\" data-element_type=\"section\">\n\t\t\t\t\t\t<div class=\"elementor-container elementor-column-gap-default\">\n\t\t\t\t\t<div class=\"elementor-column elementor-col-100 elementor-top-column elementor-element elementor-element-0213a55\" data-id=\"0213a55\" data-element_type=\"column\">\n\t\t\t<div class=\"elementor-widget-wrap elementor-element-populated\">\n\t\t\t\t\t\t\t\t<div class=\"elementor-element elementor-element-e64df2d elementor-widget elementor-widget-heading\" data-id=\"e64df2d\" data-element_type=\"widget\" data-widget_type=\"heading.default\">\n\t\t\t\t<div class=\"elementor-widget-container\">\n\t\t\t<style>\/*! elementor - v3.5.3 - 28-12-2021 *\/\n.elementor-heading-title{padding:0;margin:0;line-height:1}.elementor-widget-heading .elementor-heading-title[class*=elementor-size-]>a{color:inherit;font-size:inherit;line-height:inherit}.elementor-widget-heading .elementor-heading-title.elementor-size-small{font-size:15px}.elementor-widget-heading .elementor-heading-title.elementor-size-medium{font-size:19px}.elementor-widget-heading .elementor-heading-title.elementor-size-large{font-size:29px}.elementor-widget-heading .elementor-heading-title.elementor-size-xl{font-size:39px}.elementor-widget-heading .elementor-heading-title.elementor-size-xxl{font-size:59px}<\/style><h2 class=\"elementor-heading-title elementor-size-large\">Nous vous ramenons des Artistes incroyables Contactez Nous Pour R\u00e9server Vos dates !! <br><br>\n<\/h2>\t\t<\/div>\n\t\t\t\t<\/div>\n\t\t\t\t\t<\/div>\n\t\t<\/div>\n\t\t\t\t\t\t\t<\/div>\n\t\t<\/section>\n\t\t\t\t<section class=\"elementor-section elementor-top-section elementor-element elementor-element-49edae3 elementor-section-boxed elementor-section-height-default elementor-section-height-default\" data-id=\"49edae3\" data-element_type=\"section\">\n\t\t\t\t\t\t<div class=\"elementor-container elementor-column-gap-default\">\n\t\t\t\t\t<div class=\"elementor-column elementor-col-50 elementor-top-column elementor-element elementor-element-97805b4\" data-id=\"97805b4\" data-element_type=\"column\">\n\t\t\t<div class=\"elementor-widget-wrap elementor-element-populated\">\n\t\t\t\t\t\t\t\t<div class=\"elementor-element elementor-element-f78c004 elementor-widget elementor-widget-text-editor\" data-id=\"f78c004\" data-element_type=\"widget\" data-widget_type=\"text-editor.default\">\n\t\t\t\t<div class=\"elementor-widget-container\">\n\t\t\t<style>\/*! elementor - v3.5.3 - 28-12-2021 *\/\n.elementor-widget-text-editor.elementor-drop-cap-view-stacked .elementor-drop-cap{background-color:#818a91;color:#fff}.elementor-widget-text-editor.elementor-drop-cap-view-framed .elementor-drop-cap{color:#818a91;border:3px solid;background-color:transparent}.elementor-widget-text-editor:not(.elementor-drop-cap-view-default) .elementor-drop-cap{margin-top:8px}.elementor-widget-text-editor:not(.elementor-drop-cap-view-default) .elementor-drop-cap-letter{width:1em;height:1em}.elementor-widget-text-editor .elementor-drop-cap{float:left;text-align:center;line-height:1;font-size:50px}.elementor-widget-text-editor .elementor-drop-cap-letter{display:inline-block}<\/style>\t\t\t\t<p><strong>Prochain Guest :\u00a0<\/strong><\/p><p><strong>David Raw 8 au 12 aout<\/strong><\/p><p>Style : Blackwork Fineline<\/p>\t\t\t\t\t\t<\/div>\n\t\t\t\t<\/div>\n\t\t\t\t<div class=\"elementor-element elementor-element-587036b elementor-view-stacked elementor-shape-circle elementor-widget elementor-widget-icon\" data-id=\"587036b\" data-element_type=\"widget\" data-widget_type=\"icon.default\">\n\t\t\t\t<div class=\"elementor-widget-container\">\n\t\t\t\t\t<div class=\"elementor-icon-wrapper\">\n\t\t\t<a class=\"elementor-icon\" href=\"https:\/\/www.instagram.com\/_davidraw_\/?hl=fr\">\n\t\t\t<i aria-hidden=\"true\" class=\"fab fa-instagram\"><\/i>\t\t\t<\/a>\n\t\t<\/div>\n\t\t\t\t<\/div>\n\t\t\t\t<\/div>\n\t\t\t\t\t<\/div>\n\t\t<\/div>\n\t\t\t\t<div class=\"elementor-column elementor-col-50 elementor-top-column elementor-element elementor-element-dc1960b\" data-id=\"dc1960b\" data-element_type=\"column\">\n\t\t\t<div class=\"elementor-widget-wrap elementor-element-populated\">\n\t\t\t\t\t\t\t\t<div class=\"elementor-element elementor-element-a8cf9f1 elementor-widget elementor-widget-gallery\" data-id=\"a8cf9f1\" data-element_type=\"widget\" data-settings=\"{&quot;aspect_ratio&quot;:&quot;9:16&quot;,&quot;lazyload&quot;:&quot;yes&quot;,&quot;gallery_layout&quot;:&quot;grid&quot;,&quot;columns&quot;:4,&quot;columns_tablet&quot;:2,&quot;columns_mobile&quot;:1,&quot;gap&quot;:{&quot;unit&quot;:&quot;px&quot;,&quot;size&quot;:10,&quot;sizes&quot;:[]},&quot;gap_tablet&quot;:{&quot;unit&quot;:&quot;px&quot;,&quot;size&quot;:10,&quot;sizes&quot;:[]},&quot;gap_mobile&quot;:{&quot;unit&quot;:&quot;px&quot;,&quot;size&quot;:10,&quot;sizes&quot;:[]},&quot;link_to&quot;:&quot;file&quot;,&quot;overlay_background&quot;:&quot;yes&quot;,&quot;content_hover_animation&quot;:&quot;fade-in&quot;}\" data-widget_type=\"gallery.default\">\n\t\t\t\t<div class=\"elementor-widget-container\">\n\t\t\t\t\t<div class=\"elementor-gallery__container\">\n\t\t\t\t\t\t\t<a class=\"e-gallery-item elementor-gallery-item elementor-animated-content\" href=\"https:\/\/link-art-tattoo.com\/wp-content\/uploads\/2023\/07\/IMG_6119.jpg\" data-elementor-open-lightbox=\"yes\" data-elementor-lightbox-slideshow=\"all-a8cf9f1\" data-elementor-lightbox-title=\"Illustration sans titre\">\n\t\t\t\t\t<div class=\"e-gallery-image elementor-gallery-item__image\" data-thumbnail=\"https:\/\/link-art-tattoo.com\/wp-content\/uploads\/2023\/07\/IMG_6119-300x300.jpg\" data-width=\"300\" data-height=\"300\" alt=\"\" ><\/div>\n\t\t\t\t\t\t\t\t\t\t<div class=\"elementor-gallery-item__overlay\"><\/div>\n\t\t\t\t\t\t\t\t\t\t\t\t\t\t<\/a>\n\t\t\t\t\t\t\t<a class=\"e-gallery-item elementor-gallery-item elementor-animated-content\" href=\"https:\/\/link-art-tattoo.com\/wp-content\/uploads\/2023\/07\/IMG_7036.jpg\" data-elementor-open-lightbox=\"yes\" data-elementor-lightbox-slideshow=\"all-a8cf9f1\" data-elementor-lightbox-title=\"Illustration sans titre\">\n\t\t\t\t\t<div class=\"e-gallery-image elementor-gallery-item__image\" data-thumbnail=\"https:\/\/link-art-tattoo.com\/wp-content\/uploads\/2023\/07\/IMG_7036-300x300.jpg\" data-width=\"300\" data-height=\"300\" alt=\"\" ><\/div>\n\t\t\t\t\t\t\t\t\t\t<div class=\"elementor-gallery-item__overlay\"><\/div>\n\t\t\t\t\t\t\t\t\t\t\t\t\t\t<\/a>\n\t\t\t\t\t\t\t<a class=\"e-gallery-item elementor-gallery-item elementor-animated-content\" href=\"https:\/\/link-art-tattoo.com\/wp-content\/uploads\/2023\/07\/IMG_6118.jpg\" data-elementor-open-lightbox=\"yes\" data-elementor-lightbox-slideshow=\"all-a8cf9f1\" data-elementor-lightbox-title=\"Illustration sans titre\">\n\t\t\t\t\t<div class=\"e-gallery-image elementor-gallery-item__image\" data-thumbnail=\"https:\/\/link-art-tattoo.com\/wp-content\/uploads\/2023\/07\/IMG_6118-300x300.jpg\" data-width=\"300\" data-height=\"300\" alt=\"\" ><\/div>\n\t\t\t\t\t\t\t\t\t\t<div class=\"elementor-gallery-item__overlay\"><\/div>\n\t\t\t\t\t\t\t\t\t\t\t\t\t\t<\/a>\n\t\t\t\t\t\t\t<a class=\"e-gallery-item elementor-gallery-item elementor-animated-content\" href=\"https:\/\/link-art-tattoo.com\/wp-content\/uploads\/2023\/07\/IMG_7064.jpg\" data-elementor-open-lightbox=\"yes\" data-elementor-lightbox-slideshow=\"all-a8cf9f1\" data-elementor-lightbox-title=\"Illustration sans titre\">\n\t\t\t\t\t<div class=\"e-gallery-image elementor-gallery-item__image\" data-thumbnail=\"https:\/\/link-art-tattoo.com\/wp-content\/uploads\/2023\/07\/IMG_7064-300x300.jpg\" data-width=\"300\" data-height=\"300\" alt=\"\" ><\/div>\n\t\t\t\t\t\t\t\t\t\t<div class=\"elementor-gallery-item__overlay\"><\/div>\n\t\t\t\t\t\t\t\t\t\t\t\t\t\t<\/a>\n\t\t\t\t\t\t\t<a class=\"e-gallery-item elementor-gallery-item elementor-animated-content\" href=\"https:\/\/link-art-tattoo.com\/wp-content\/uploads\/2023\/07\/IMG_6781.jpg\" data-elementor-open-lightbox=\"yes\" data-elementor-lightbox-slideshow=\"all-a8cf9f1\" data-elementor-lightbox-title=\"Illustration sans titre\">\n\t\t\t\t\t<div class=\"e-gallery-image elementor-gallery-item__image\" data-thumbnail=\"https:\/\/link-art-tattoo.com\/wp-content\/uploads\/2023\/07\/IMG_6781-300x300.jpg\" data-width=\"300\" data-height=\"300\" alt=\"\" ><\/div>\n\t\t\t\t\t\t\t\t\t\t<div class=\"elementor-gallery-item__overlay\"><\/div>\n\t\t\t\t\t\t\t\t\t\t\t\t\t\t<\/a>\n\t\t\t\t\t\t\t<a class=\"e-gallery-item elementor-gallery-item elementor-animated-content\" href=\"https:\/\/link-art-tattoo.com\/wp-content\/uploads\/2023\/07\/IMG_6769.jpg\" data-elementor-open-lightbox=\"yes\" data-elementor-lightbox-slideshow=\"all-a8cf9f1\" data-elementor-lightbox-title=\"Illustration sans titre\">\n\t\t\t\t\t<div class=\"e-gallery-image elementor-gallery-item__image\" data-thumbnail=\"https:\/\/link-art-tattoo.com\/wp-content\/uploads\/2023\/07\/IMG_6769-300x300.jpg\" data-width=\"300\" data-height=\"300\" alt=\"\" ><\/div>\n\t\t\t\t\t\t\t\t\t\t<div class=\"elementor-gallery-item__overlay\"><\/div>\n\t\t\t\t\t\t\t\t\t\t\t\t\t\t<\/a>\n\t\t\t\t\t\t\t<a class=\"e-gallery-item elementor-gallery-item elementor-animated-content\" href=\"https:\/\/link-art-tattoo.com\/wp-content\/uploads\/2023\/07\/IMG_6891.jpg\" data-elementor-open-lightbox=\"yes\" data-elementor-lightbox-slideshow=\"all-a8cf9f1\" data-elementor-lightbox-title=\"Illustration sans titre\">\n\t\t\t\t\t<div class=\"e-gallery-image elementor-gallery-item__image\" data-thumbnail=\"https:\/\/link-art-tattoo.com\/wp-content\/uploads\/2023\/07\/IMG_6891-300x300.jpg\" data-width=\"300\" data-height=\"300\" alt=\"\" ><\/div>\n\t\t\t\t\t\t\t\t\t\t<div class=\"elementor-gallery-item__overlay\"><\/div>\n\t\t\t\t\t\t\t\t\t\t\t\t\t\t<\/a>\n\t\t\t\t\t\t\t<a class=\"e-gallery-item elementor-gallery-item elementor-animated-content\" href=\"https:\/\/link-art-tattoo.com\/wp-content\/uploads\/2023\/07\/IMG_7082.jpg\" data-elementor-open-lightbox=\"yes\" data-elementor-lightbox-slideshow=\"all-a8cf9f1\" data-elementor-lightbox-title=\"Illustration sans titre\">\n\t\t\t\t\t<div class=\"e-gallery-image elementor-gallery-item__image\" data-thumbnail=\"https:\/\/link-art-tattoo.com\/wp-content\/uploads\/2023\/07\/IMG_7082-300x300.jpg\" data-width=\"300\" data-height=\"300\" alt=\"\" ><\/div>\n\t\t\t\t\t\t\t\t\t\t<div class=\"elementor-gallery-item__overlay\"><\/div>\n\t\t\t\t\t\t\t\t\t\t\t\t\t\t<\/a>\n\t\t\t\t\t<\/div>\n\t\t\t<\/div>\n\t\t\t\t<\/div>\n\t\t\t\t\t<\/div>\n\t\t<\/div>\n\t\t\t\t\t\t\t<\/div>\n\t\t<\/section>\n\t\t\t\t<section class=\"elementor-section elementor-top-section elementor-element elementor-element-a655a2b elementor-section-boxed elementor-section-height-default elementor-section-height-default\" data-id=\"a655a2b\" data-element_type=\"section\">\n\t\t\t\t\t\t<div class=\"elementor-container elementor-column-gap-default\">\n\t\t\t\t\t<div class=\"elementor-column elementor-col-50 elementor-top-column elementor-element elementor-element-a4a3579\" data-id=\"a4a3579\" data-element_type=\"column\">\n\t\t\t<div class=\"elementor-widget-wrap elementor-element-populated\">\n\t\t\t\t\t\t\t\t<div class=\"elementor-element elementor-element-97c2b35 elementor-widget elementor-widget-text-editor\" data-id=\"97c2b35\" data-element_type=\"widget\" data-widget_type=\"text-editor.default\">\n\t\t\t\t<div class=\"elementor-widget-container\">\n\t\t\t\t\t\t\t<p><strong>Prochain Guest :\u00a0<\/strong><\/p><p><strong>N\u00e9buleuse\u00a08 au 12 aout<\/strong><\/p><p>Style : Couleurs Floral<\/p>\t\t\t\t\t\t<\/div>\n\t\t\t\t<\/div>\n\t\t\t\t<div class=\"elementor-element elementor-element-1442ec6 elementor-view-stacked elementor-shape-circle elementor-widget elementor-widget-icon\" data-id=\"1442ec6\" data-element_type=\"widget\" data-widget_type=\"icon.default\">\n\t\t\t\t<div class=\"elementor-widget-container\">\n\t\t\t\t\t<div class=\"elementor-icon-wrapper\">\n\t\t\t<a class=\"elementor-icon\" href=\"https:\/\/www.instagram.com\/nebuleusetattoo\/?hl=fr\">\n\t\t\t<i aria-hidden=\"true\" class=\"fab fa-instagram\"><\/i>\t\t\t<\/a>\n\t\t<\/div>\n\t\t\t\t<\/div>\n\t\t\t\t<\/div>\n\t\t\t\t\t<\/div>\n\t\t<\/div>\n\t\t\t\t<div class=\"elementor-column elementor-col-50 elementor-top-column elementor-element elementor-element-9c6bc80\" data-id=\"9c6bc80\" data-element_type=\"column\">\n\t\t\t<div class=\"elementor-widget-wrap elementor-element-populated\">\n\t\t\t\t\t\t\t\t<div class=\"elementor-element elementor-element-cdb4e48 elementor-widget elementor-widget-gallery\" data-id=\"cdb4e48\" data-element_type=\"widget\" data-settings=\"{&quot;aspect_ratio&quot;:&quot;9:16&quot;,&quot;lazyload&quot;:&quot;yes&quot;,&quot;gallery_layout&quot;:&quot;grid&quot;,&quot;columns&quot;:4,&quot;columns_tablet&quot;:2,&quot;columns_mobile&quot;:1,&quot;gap&quot;:{&quot;unit&quot;:&quot;px&quot;,&quot;size&quot;:10,&quot;sizes&quot;:[]},&quot;gap_tablet&quot;:{&quot;unit&quot;:&quot;px&quot;,&quot;size&quot;:10,&quot;sizes&quot;:[]},&quot;gap_mobile&quot;:{&quot;unit&quot;:&quot;px&quot;,&quot;size&quot;:10,&quot;sizes&quot;:[]},&quot;link_to&quot;:&quot;file&quot;,&quot;overlay_background&quot;:&quot;yes&quot;,&quot;content_hover_animation&quot;:&quot;fade-in&quot;}\" data-widget_type=\"gallery.default\">\n\t\t\t\t<div class=\"elementor-widget-container\">\n\t\t\t\t\t<div class=\"elementor-gallery__container\">\n\t\t\t\t\t\t\t<a class=\"e-gallery-item elementor-gallery-item elementor-animated-content\" href=\"https:\/\/link-art-tattoo.com\/wp-content\/uploads\/2023\/07\/image0.jpeg\" data-elementor-open-lightbox=\"yes\" data-elementor-lightbox-slideshow=\"all-cdb4e48\" data-elementor-lightbox-title=\"image0\">\n\t\t\t\t\t<div class=\"e-gallery-image elementor-gallery-item__image\" data-thumbnail=\"https:\/\/link-art-tattoo.com\/wp-content\/uploads\/2023\/07\/image0-300x300.jpeg\" data-width=\"300\" data-height=\"300\" alt=\"\" ><\/div>\n\t\t\t\t\t\t\t\t\t\t<div class=\"elementor-gallery-item__overlay\"><\/div>\n\t\t\t\t\t\t\t\t\t\t\t\t\t\t<\/a>\n\t\t\t\t\t\t\t<a class=\"e-gallery-item elementor-gallery-item elementor-animated-content\" href=\"https:\/\/link-art-tattoo.com\/wp-content\/uploads\/2023\/07\/image1.jpeg\" data-elementor-open-lightbox=\"yes\" data-elementor-lightbox-slideshow=\"all-cdb4e48\" data-elementor-lightbox-title=\"image1\">\n\t\t\t\t\t<div class=\"e-gallery-image elementor-gallery-item__image\" data-thumbnail=\"https:\/\/link-art-tattoo.com\/wp-content\/uploads\/2023\/07\/image1-300x300.jpeg\" data-width=\"300\" data-height=\"300\" alt=\"\" ><\/div>\n\t\t\t\t\t\t\t\t\t\t<div class=\"elementor-gallery-item__overlay\"><\/div>\n\t\t\t\t\t\t\t\t\t\t\t\t\t\t<\/a>\n\t\t\t\t\t\t\t<a class=\"e-gallery-item elementor-gallery-item elementor-animated-content\" href=\"https:\/\/link-art-tattoo.com\/wp-content\/uploads\/2023\/07\/image2-2.jpeg\" data-elementor-open-lightbox=\"yes\" data-elementor-lightbox-slideshow=\"all-cdb4e48\" data-elementor-lightbox-title=\"image2-2\">\n\t\t\t\t\t<div class=\"e-gallery-image elementor-gallery-item__image\" data-thumbnail=\"https:\/\/link-art-tattoo.com\/wp-content\/uploads\/2023\/07\/image2-2-300x300.jpeg\" data-width=\"300\" data-height=\"300\" alt=\"\" ><\/div>\n\t\t\t\t\t\t\t\t\t\t<div class=\"elementor-gallery-item__overlay\"><\/div>\n\t\t\t\t\t\t\t\t\t\t\t\t\t\t<\/a>\n\t\t\t\t\t\t\t<a class=\"e-gallery-item elementor-gallery-item elementor-animated-content\" href=\"https:\/\/link-art-tattoo.com\/wp-content\/uploads\/2023\/07\/image3-2.jpeg\" data-elementor-open-lightbox=\"yes\" data-elementor-lightbox-slideshow=\"all-cdb4e48\" data-elementor-lightbox-title=\"image3-2\">\n\t\t\t\t\t<div class=\"e-gallery-image elementor-gallery-item__image\" data-thumbnail=\"https:\/\/link-art-tattoo.com\/wp-content\/uploads\/2023\/07\/image3-2-300x300.jpeg\" data-width=\"300\" data-height=\"300\" alt=\"\" ><\/div>\n\t\t\t\t\t\t\t\t\t\t<div class=\"elementor-gallery-item__overlay\"><\/div>\n\t\t\t\t\t\t\t\t\t\t\t\t\t\t<\/a>\n\t\t\t\t\t\t\t<a class=\"e-gallery-item elementor-gallery-item elementor-animated-content\" href=\"https:\/\/link-art-tattoo.com\/wp-content\/uploads\/2023\/07\/image8-2.jpeg\" data-elementor-open-lightbox=\"yes\" data-elementor-lightbox-slideshow=\"all-cdb4e48\" data-elementor-lightbox-title=\"image8-2\">\n\t\t\t\t\t<div class=\"e-gallery-image elementor-gallery-item__image\" data-thumbnail=\"https:\/\/link-art-tattoo.com\/wp-content\/uploads\/2023\/07\/image8-2-300x300.jpeg\" data-width=\"300\" data-height=\"300\" alt=\"\" ><\/div>\n\t\t\t\t\t\t\t\t\t\t<div class=\"elementor-gallery-item__overlay\"><\/div>\n\t\t\t\t\t\t\t\t\t\t\t\t\t\t<\/a>\n\t\t\t\t\t\t\t<a class=\"e-gallery-item elementor-gallery-item elementor-animated-content\" href=\"https:\/\/link-art-tattoo.com\/wp-content\/uploads\/2023\/07\/image7-3.jpeg\" data-elementor-open-lightbox=\"yes\" data-elementor-lightbox-slideshow=\"all-cdb4e48\" data-elementor-lightbox-title=\"image7-3\">\n\t\t\t\t\t<div class=\"e-gallery-image elementor-gallery-item__image\" data-thumbnail=\"https:\/\/link-art-tattoo.com\/wp-content\/uploads\/2023\/07\/image7-3-300x300.jpeg\" data-width=\"300\" data-height=\"300\" alt=\"\" ><\/div>\n\t\t\t\t\t\t\t\t\t\t<div class=\"elementor-gallery-item__overlay\"><\/div>\n\t\t\t\t\t\t\t\t\t\t\t\t\t\t<\/a>\n\t\t\t\t\t\t\t<a class=\"e-gallery-item elementor-gallery-item elementor-animated-content\" href=\"https:\/\/link-art-tattoo.com\/wp-content\/uploads\/2023\/07\/image5.jpeg\" data-elementor-open-lightbox=\"yes\" data-elementor-lightbox-slideshow=\"all-cdb4e48\" data-elementor-lightbox-title=\"image5\">\n\t\t\t\t\t<div class=\"e-gallery-image elementor-gallery-item__image\" data-thumbnail=\"https:\/\/link-art-tattoo.com\/wp-content\/uploads\/2023\/07\/image5-300x300.jpeg\" data-width=\"300\" data-height=\"300\" alt=\"\" ><\/div>\n\t\t\t\t\t\t\t\t\t\t<div class=\"elementor-gallery-item__overlay\"><\/div>\n\t\t\t\t\t\t\t\t\t\t\t\t\t\t<\/a>\n\t\t\t\t\t\t\t<a class=\"e-gallery-item elementor-gallery-item elementor-animated-content\" href=\"https:\/\/link-art-tattoo.com\/wp-content\/uploads\/2023\/07\/image4-2.jpeg\" data-elementor-open-lightbox=\"yes\" data-elementor-lightbox-slideshow=\"all-cdb4e48\" data-elementor-lightbox-title=\"image4-2\">\n\t\t\t\t\t<div class=\"e-gallery-image elementor-gallery-item__image\" data-thumbnail=\"https:\/\/link-art-tattoo.com\/wp-content\/uploads\/2023\/07\/image4-2-300x300.jpeg\" data-width=\"300\" data-height=\"300\" alt=\"\" ><\/div>\n\t\t\t\t\t\t\t\t\t\t<div class=\"elementor-gallery-item__overlay\"><\/div>\n\t\t\t\t\t\t\t\t\t\t\t\t\t\t<\/a>\n\t\t\t\t\t<\/div>\n\t\t\t<\/div>\n\t\t\t\t<\/div>\n\t\t\t\t\t<\/div>\n\t\t<\/div>\n\t\t\t\t\t\t\t<\/div>\n\t\t<\/section>\n\t\t\t\t<section class=\"elementor-section elementor-top-section elementor-element elementor-element-960bf7d elementor-section-boxed elementor-section-height-default elementor-section-height-default\" data-id=\"960bf7d\" data-element_type=\"section\">\n\t\t\t\t\t\t<div class=\"elementor-container elementor-column-gap-default\">\n\t\t\t\t\t<div class=\"elementor-column elementor-col-100 elementor-top-column elementor-element elementor-element-4e2e891\" data-id=\"4e2e891\" data-element_type=\"column\">\n\t\t\t<div class=\"elementor-widget-wrap elementor-element-populated\">\n\t\t\t\t\t\t\t\t<div class=\"elementor-element elementor-element-352cd8c elementor-widget elementor-widget-text-editor\" data-id=\"352cd8c\" data-element_type=\"widget\" data-widget_type=\"text-editor.default\">\n\t\t\t\t<div class=\"elementor-widget-container\">\n\t\t\t\t\t\t\t<p><i>Dates Affich\u00e9es = <\/i><\/p><p><i>Les dates de nos guests sont affich\u00e9es \u00e0 l&rsquo;avance car leurs plannings se remplissent vite, contactez nous pour ne pas louper votre cr\u00e9neau ou cliquer sur le lien pour prendre rdv avec l&rsquo;artiste<\/i><\/p><p><i>Aucune date n&rsquo;est affich\u00e9e =<\/i><\/p><p><i> Prenez contact directement avec\u00a0l&rsquo;artiste en cliquant sur son lien ou avec notre Shop pour convenir d&rsquo;un rendez vous en\u00a0pr\u00e9cisant \u00ab\u00a0Guest\u00a0Aix les Bains + le nom de l&rsquo;artiste\u00a0\u00bb<\/i><\/p>\t\t\t\t\t\t<\/div>\n\t\t\t\t<\/div>\n\t\t\t\t\t<\/div>\n\t\t<\/div>\n\t\t\t\t\t\t\t<\/div>\n\t\t<\/section>\n\t\t\t\t\t\t<\/div>\n\t\t\t\t\t<\/div>\n\t\t","protected":false},"excerpt":{"rendered":"<p>Nous vous ramenons des Artistes incroyables Contactez Nous Pour R\u00e9server Vos dates !! Prochain Guest :\u00a0 David Raw 8 au 12 aout Style : Blackwork Fineline Prochain Guest :\u00a0 N\u00e9buleuse\u00a08 au 12 aout Style : Couleurs Floral Dates Affich\u00e9es = Les dates de nos guests sont affich\u00e9es \u00e0 l&rsquo;avance car leurs plannings se remplissent vite, [&hellip;]<\/p>\n","protected":false},"author":1,"featured_media":0,"parent":0,"menu_order":0,"comment_status":"closed","ping_status":"closed","template":"elementor_header_footer","meta":[],"yoast_head":"<!-- This site is optimized with the Yoast SEO plugin v17.8 - https:\/\/yoast.com\/wordpress\/plugins\/seo\/ -->\n<title>Guests - Link Art &amp; Tattoo<\/title>\n<meta name=\"robots\" content=\"index, follow, max-snippet:-1, max-image-preview:large, max-video-preview:-1\" \/>\n<link rel=\"canonical\" href=\"https:\/\/link-art-tattoo.com\/index.php\/guests\/\" \/>\n<meta property=\"og:locale\" content=\"fr_FR\" \/>\n<meta property=\"og:type\" content=\"article\" \/>\n<meta property=\"og:title\" content=\"Guests - Link Art &amp; Tattoo\" \/>\n<meta property=\"og:description\" content=\"Nous vous ramenons des Artistes incroyables Contactez Nous Pour R\u00e9server Vos dates !! Prochain Guest :\u00a0 David Raw 8 au 12 aout Style : Blackwork Fineline Prochain Guest :\u00a0 N\u00e9buleuse\u00a08 au 12 aout Style : Couleurs Floral Dates Affich\u00e9es = Les dates de nos guests sont affich\u00e9es \u00e0 l&rsquo;avance car leurs plannings se remplissent vite, [&hellip;]\" \/>\n<meta property=\"og:url\" content=\"https:\/\/link-art-tattoo.com\/index.php\/guests\/\" \/>\n<meta property=\"og:site_name\" content=\"Link Art &amp; Tattoo\" \/>\n<meta property=\"article:modified_time\" content=\"2023-07-07T12:36:56+00:00\" \/>\n<meta name=\"twitter:card\" content=\"summary_large_image\" \/>\n<meta name=\"twitter:label1\" content=\"Dur\u00e9e de lecture estim\u00e9e\" \/>\n\t<meta name=\"twitter:data1\" content=\"1 minute\" \/>\n<script type=\"application\/ld+json\" class=\"yoast-schema-graph\">{\"@context\":\"https:\/\/schema.org\",\"@graph\":[{\"@type\":\"WebSite\",\"@id\":\"https:\/\/link-art-tattoo.com\/#website\",\"url\":\"https:\/\/link-art-tattoo.com\/\",\"name\":\"Link Art &amp; Tattoo\",\"description\":\"\",\"potentialAction\":[{\"@type\":\"SearchAction\",\"target\":{\"@type\":\"EntryPoint\",\"urlTemplate\":\"https:\/\/link-art-tattoo.com\/?s={search_term_string}\"},\"query-input\":\"required name=search_term_string\"}],\"inLanguage\":\"fr-FR\"},{\"@type\":\"WebPage\",\"@id\":\"https:\/\/link-art-tattoo.com\/index.php\/guests\/#webpage\",\"url\":\"https:\/\/link-art-tattoo.com\/index.php\/guests\/\",\"name\":\"Guests - Link Art &amp; Tattoo\",\"isPartOf\":{\"@id\":\"https:\/\/link-art-tattoo.com\/#website\"},\"datePublished\":\"2022-09-22T13:02:41+00:00\",\"dateModified\":\"2023-07-07T12:36:56+00:00\",\"breadcrumb\":{\"@id\":\"https:\/\/link-art-tattoo.com\/index.php\/guests\/#breadcrumb\"},\"inLanguage\":\"fr-FR\",\"potentialAction\":[{\"@type\":\"ReadAction\",\"target\":[\"https:\/\/link-art-tattoo.com\/index.php\/guests\/\"]}]},{\"@type\":\"BreadcrumbList\",\"@id\":\"https:\/\/link-art-tattoo.com\/index.php\/guests\/#breadcrumb\",\"itemListElement\":[{\"@type\":\"ListItem\",\"position\":1,\"name\":\"Accueil\",\"item\":\"https:\/\/link-art-tattoo.com\/\"},{\"@type\":\"ListItem\",\"position\":2,\"name\":\"Guests\"}]}]}<\/script>\n<!-- \/ Yoast SEO plugin. -->","yoast_head_json":{"title":"Guests - Link Art &amp; Tattoo","robots":{"index":"index","follow":"follow","max-snippet":"max-snippet:-1","max-image-preview":"max-image-preview:large","max-video-preview":"max-video-preview:-1"},"canonical":"https:\/\/link-art-tattoo.com\/index.php\/guests\/","og_locale":"fr_FR","og_type":"article","og_title":"Guests - Link Art &amp; Tattoo","og_description":"Nous vous ramenons des Artistes incroyables Contactez Nous Pour R\u00e9server Vos dates !! Prochain Guest :\u00a0 David Raw 8 au 12 aout Style : Blackwork Fineline Prochain Guest :\u00a0 N\u00e9buleuse\u00a08 au 12 aout Style : Couleurs Floral Dates Affich\u00e9es = Les dates de nos guests sont affich\u00e9es \u00e0 l&rsquo;avance car leurs plannings se remplissent vite, [&hellip;]","og_url":"https:\/\/link-art-tattoo.com\/index.php\/guests\/","og_site_name":"Link Art &amp; Tattoo","article_modified_time":"2023-07-07T12:36:56+00:00","twitter_card":"summary_large_image","twitter_misc":{"Dur\u00e9e de lecture estim\u00e9e":"1 minute"},"schema":{"@context":"https:\/\/schema.org","@graph":[{"@type":"WebSite","@id":"https:\/\/link-art-tattoo.com\/#website","url":"https:\/\/link-art-tattoo.com\/","name":"Link Art &amp; Tattoo","description":"","potentialAction":[{"@type":"SearchAction","target":{"@type":"EntryPoint","urlTemplate":"https:\/\/link-art-tattoo.com\/?s={search_term_string}"},"query-input":"required name=search_term_string"}],"inLanguage":"fr-FR"},{"@type":"WebPage","@id":"https:\/\/link-art-tattoo.com\/index.php\/guests\/#webpage","url":"https:\/\/link-art-tattoo.com\/index.php\/guests\/","name":"Guests - Link Art &amp; Tattoo","isPartOf":{"@id":"https:\/\/link-art-tattoo.com\/#website"},"datePublished":"2022-09-22T13:02:41+00:00","dateModified":"2023-07-07T12:36:56+00:00","breadcrumb":{"@id":"https:\/\/link-art-tattoo.com\/index.php\/guests\/#breadcrumb"},"inLanguage":"fr-FR","potentialAction":[{"@type":"ReadAction","target":["https:\/\/link-art-tattoo.com\/index.php\/guests\/"]}]},{"@type":"BreadcrumbList","@id":"https:\/\/link-art-tattoo.com\/index.php\/guests\/#breadcrumb","itemListElement":[{"@type":"ListItem","position":1,"name":"Accueil","item":"https:\/\/link-art-tattoo.com\/"},{"@type":"ListItem","position":2,"name":"Guests"}]}]}},"_links":{"self":[{"href":"https:\/\/link-art-tattoo.com\/index.php\/wp-json\/wp\/v2\/pages\/970"}],"collection":[{"href":"https:\/\/link-art-tattoo.com\/index.php\/wp-json\/wp\/v2\/pages"}],"about":[{"href":"https:\/\/link-art-tattoo.com\/index.php\/wp-json\/wp\/v2\/types\/page"}],"author":[{"embeddable":true,"href":"https:\/\/link-art-tattoo.com\/index.php\/wp-json\/wp\/v2\/users\/1"}],"replies":[{"embeddable":true,"href":"https:\/\/link-art-tattoo.com\/index.php\/wp-json\/wp\/v2\/comments?post=970"}],"version-history":[{"count":91,"href":"https:\/\/link-art-tattoo.com\/index.php\/wp-json\/wp\/v2\/pages\/970\/revisions"}],"predecessor-version":[{"id":2263,"href":"https:\/\/link-art-tattoo.com\/index.php\/wp-json\/wp\/v2\/pages\/970\/revisions\/2263"}],"wp:attachment":[{"href":"https:\/\/link-art-tattoo.com\/index.php\/wp-json\/wp\/v2\/media?parent=970"}],"curies":[{"name":"wp","href":"https:\/\/api.w.org\/{rel}","templated":true}]}}